 h**3 - 12*h + h - 4*h**2 - 1 + 5*h. Give o(-2).
-3
Let q = 10 + -6. Let u be 3 - 2 - (-12)/q. Let d(c) = 1 - 6*c**2 + 1 + 5*c + 1 + c**3. What is d(u)?
-9
Let p(g) = 3*g**3 - 2*g**2 - 2*g - 1. Let i be 1*2/4 - 24/16. What is p(i)?
-4
Let t(i) = i**2 - i + 1. Suppose -n - 3*n = 40. Let f = -12 - n. What is t(f)?
7
Let g = 20 - 16. Let m(p) = 5*p**2 - 8*p - 3. Let n(r) = -6*r**2 + 9*r + 3. Let j(f) = g*m(f) + 3*n(f). What is j(4)?
9
Let m(f) = -8*f + 7. Let a(d) = -17*d + 15. Let w(y) = -6*a(y) + 13*m(y). Calculate w(2).
-3
Let s(b) = b**3 - 2*b**2 + 4*b - 2. Let p be s(2). Let q(j) = j**3 - 5*j**2 - 7*j + 5. Let a be q(p). Let g = a + 2. Let f(m) = -2*m - 1. Give f(g).
-3
Let j be ((-6)/12)/((-1)/40). Suppose 0*l - j = 4*l. Let w(u) be the first derivative of -u**4/4 - 4*u**3/3 + 3*u**2 - 5*u + 1. Determine w(l).
-10
Let x(a) = -a + 1. Let j(s) = s**2 + 3*s + 1. Let d(m) = -j(m) - 2*x(m). Give d(0).
-3
Let p(c) = -c**3 + 5*c**2 + 1. Let r(d) = d**3 - d - 9. Let t be r(0). Let l = 16 - t. Suppose 7*k = 2*k + l. Determine p(k).
1
Let v(n) be the first derivative of -n**4/4 + 7*n**3/3 - 3*n**2 + 4*n + 17. Determine v(6).
4
Let h be 27/(-12)*(-28)/21. Let o(u) = -3*u**2 + 2*u + 1. What is o(h)?
-20
Suppose 5*f - 3*t + 5 = -4, f + 3*t = 9. Let b(a) be the second derivative of a + 1/2*a**3 + 0 + f*a**2. What is b(-1)?
-3
Let n be (((-2)/(-4))/1)/(2/(-4)). Let j(g) be the first derivative of 5*g**3/3 - 2. What is j(n)?
5
Suppose -2*n - 14 = -4*b, -5*b + 16 = n - 5*n. Let k(t) = -3*t**2 - n + t + 3*t**2 - t**2 - t**3 + 5. Calculate k(0).
4
Suppose -5*g - 70 = 5*x, -g - 3*x = 3*g + 53. Let p(v) = -v**3 - 12*v**2 - 10*v + 16. Calculate p(g).
5
Let n(b) = -b**2 + 5. Suppose -q - q = 0. Let x be (q + 2 + -2)/1. Calculate n(x).
5
Suppose 4*k - 14 = 2. Suppose -3*w = 8 + k. Let t(c) = -c**2 - 7*c - 5. Calculate t(w).
7
Let t(w) = w + 1. Let g(o) = 2*o**2 - 1. Let y be g(-1). Let h be (y/3)/((-3)/(-27)). Give t(h).
4
Suppose -4*t - 5 = -17. Suppose t*r + r = -12. Let d(z) = -z**3 - 3*z**2 - 3*z - 2. What is d(r)?
7
Let p(n) be the third derivative of n**5/60 + 5*n**4/24 - n**3/3 - 2*n**2. Calculate p(-4).
-6
Let z(q) = 9. Let n(d) = -3*d + 146. Let c(v) = -2*v + 97. Let x(f) = -8*c(f) + 5*n(f). Let p(m) = -2*x(m) - 11*z(m). Let a be -2*((-5)/2)/(-1). Give p(a).
3
Let g(p) be the second derivative of -p**5/20 - p**4/3 - p**3/6 - p**2/2 - 2*p. Suppose 3*h - 12 = 0, 3*u = h - 6 - 10. What is g(u)?
3
Let d(v) be the second derivative of -v**6/60 + v**5/15 - v**4/12 - v**3/3 - 3*v**2 + 3*v. Let a(j) be the first derivative of d(j). Calculate a(2).
-6
Let u be 38/(-14) - (-4)/(-14). Let m(s) = s**3 + 4*s**2 + 3*s + 2. Give m(u).
2
Let d(g) = 8*g**2 - g + 1. Let o be (-6)/8 + (-30)/(-8). Suppose -i - 26 = 5*h, -o*h + 5*i = -0*h + 10. Let s = h - -6. Determine d(s).
8
Let z = 2 + 0. Let l(u) be the third derivative of 0*u + 0*u**3 - 1/120*u**6 - 2*u**z + 0 + 1/24*u**4 + 1/30*u**5. What is l(-1)?
2
Let o(j) be the second derivative of -j**5/20 + j**4/3 + j**2 + 3*j. Give o(4).
2
Suppose -4*m + 9 = -7*m. Let c(s) = 3*s**3 + 4*s**2 - 2*s - 3. Let l(o) = -10*o**3 - 11*o**2 + 5*o + 8. Let j(d) = m*l(d) - 8*c(d). Give j(-1).
-6
Let b(c) = -11*c**2 + 11*c + 2. Let h(y) = 4*y**2 - 4*y. Let v(i) = -3*b(i) - 8*h(i). Let o = 1 + -1. Let f = 0 - o. Calculate v(f).
-6
Suppose -5*p + 16 = 1. Let s(f) = 2 + p*f + 0*f**2 - 8*f**2 + 7*f**2. Determine s(4).
-2
Let t(q) = 3*q - 1 - 4*q + 4. Let v be ((-42)/(-12) + -1)/(15/36). What is t(v)?
-3
Let v(j) = -5*j - 25. Let k(x) = -x - 6. Let g(b) = 9*k(b) - 2*v(b). Suppose 3*i - 2*h + 4 - 11 = 0, -3*h + 9 = 2*i. Give g(i).
-1
Let u(b) = b**3 + 3 + 3*b - 3 - 4 + 5*b**2. Let a be u(-4). Let l(g) = -2*g + 4*g - 2 - g. Give l(a).
-2
Let l(s) = s**3 + 2*s**2 + 3*s + 3. Let n(y) = -y + 10. Let z be n(12). Calculate l(z).
-3
Let i(l) = -2*l - 5. Suppose d - 4*n - 2 = 0, n - 6 = -4*d + 2. Suppose 0 = -3*y + d*w - 22, 5*y + w + 34 = 3*w. Calculate i(y).
7
Let m(a) = 3*a**3 - 6*a**2 - a - 3. Let i(j) = -j**3. Let x(w) = 4*i(w) + m(w). Determine x(-6).
3
Let z(j) = -j**2 - 3. Let r be (-3)/(-6) + 9/2. Let u = r + -5. What is z(u)?
-3
Let z(i) = 2*i**2 + 0*i**3 - i**3 + 0*i**2. Determine z(2).
0
Let p(n) be the first derivative of -5/3*n**3 + n + 3*n**2 - 1/4*n**4 + 4. Calculate p(-6).
1
Let x(y) = y**2 - 9*y - 7. Let a(k) = -k**2 + k + 1. Let o(n) = -2*a(n) - x(n). What is o(-4)?
-7
Let c be (-12)/10*20/(-6). Let g = 6 - c. Let t(p) = -g*p + p - 1 + 0. Determine t(4).
-5
Let w(i) = 3*i - 8. Let c be w(5). Let y(h) = -h**3 + 7*h**2 + 2*h - 3. Determine y(c).
11
Let c(l) = 6*l**3 + 9*l**2 + 2*l - 11. Let a(m) = 7*m**3 + 9*m**2 + m - 12. Let u(d) = -5*a(d) + 6*c(d). Determine u(-8).
2
Let v be (2 - 26/10)*-5. Let w(i) = 3*i**3 - 4*i**2 - 4*i + 3. Let g(m) = m**3 - m**2 - m + 1. Let a(u) = 2*g(u) - w(u). Calculate a(v).
-4
Let k(s) = -s**3 + s**2 + 2*s - 3. Suppose 7*j = 4*j + 33. Let o = -9 + j. What is k(o)?
-3
Let t(h) = -9*h**2 + 4*h - 6. Let m(b) = -10*b**2 + 4*b - 7. Let g(u) = -6*m(u) + 7*t(u). Let p(o) = -4*o**2 + 4*o. Let r(q) = 5*g(q) - 4*p(q). Determine r(-4).
0
Let j(c) be the third derivative of -5*c**4/24 - 7*c**3/6 - 17*c**2. Determine j(-5).
18
Let t(n) = 2 - 3*n - 4*n - 10 + 6*n. Determine t(7).
-15
Let y(l) = -2*l**3 - 2*l**2 + 3*l + 3. Let q be y(-2). Let t(x) be the second derivative of -1/3*x**3 - x + 7/2*x**2 + 0. Give t(q).
-3
Let f(g) = 5*g**2 - 2*g - 2 + 1 + g**3 - 11*g**2 + 6. What is f(6)?
-7
Suppose -4*v + 15 = v, 2*c - 2*v = 4. Let f(k) = k - 5. Determine f(c).
0
Let u(m) = m**3 - 3*m**2 - m - 2. Suppose -5*j = -3 + 23. Let l(y) = 0*y**3 - 2*y**3 + 3 + 3*y**3 + 4*y**2. Let v be l(j). What is u(v)?
-5
Let v(t) = 2*t**2 - 3*t - 4. Let r be (-10)/(-3)*6/4. Suppose 0*d = -3*d - 12, -29 = -3*b + r*d. Give v(b).
5
Let a(u) = -2*u + 8. Suppose 0 = -43*i + 39*i + 24. Determine a(i).
-4
Let s(c) = 0 - 1 - 8*c + 2*c. Suppose 0 = l - 1 + 2. Determine s(l).
5
Let s(f) = -2*f + 3. Suppose 5*m + 5*y = 6 + 29, -4*m - y + 16 = 0. Calculate s(m).
-3
Let v(n) = n + 9. Let d(y) be the second derivative of -y**4/12 + y**3/6 - y**2 + 3*y. Suppose 0*h + 2 = h. Let x be d(h). Give v(x).
5
Let x(a) = 3*a**3 + 2*a - 1. Let r(q) = 13*q**3 + 8*q - 5. Let y(k) = k**3 + 14*k**2 + 13*k - 2. Let u be y(-13). Let z(l) = u*r(l) + 9*x(l). Calculate z(-1).
-2
Let u = -30 - -37. Let p be (-1)/(1 - 6/u). Let m(r) = r**2 + 9*r + 8. Give m(p).
-6
Let n(p) = -p**2 + p + 1. Let d be 6/33 + (-40)/(-22). Suppose d - 4 = -b. Let y(l) = -4*l - 2. Let c(z) = b*n(z) + y(z). What is c(-2)?
-4
Let r(l) = -10*l. Suppose 5*u - a = -2, -6 - 5 = -4*u + 5*a. Give r(u).
10
Let s = -14 - -16. Let c(y) = -2 + 2*y**3 + 4*y - s*y**2 - y**3 + 0*y**2. Calculate c(2).
6
Let d = -51 + 7. Let r be 2/(-5) + d/(-10). Suppose -4*x + 7*w - r*w = 6, -2 = -4*x - w. Let v(j) = -j**2 + j + 1. What is v(x)?
1
Let h(u) = 3*u - 1. Let p(w) = -w + 7. Let y be p(5). Let g(q) = 3 + 9*q - 4 - 3. Let n(r) = y*g(r) - 7*h(r). Determine n(-2).
5
Let h be 3/1 - 7 - 0. Let b(m) = 2*m - 1. Give b(h).
-9
Let p be ((-6)/(-3) + -2)/(-1). Let q = 3 + p. Let a(s) = s**3 - 3*s**2 - s + 3. Calculate a(q).
0
Let f(p) = 10*p + 1. Let a(r) = 9*r + 1. Let d(m) = -3*a(m) + 2*f(m). Let g(z) = -22*z - 4. Let b(u) = -7*d(u) + 2*g(u). Determine b(-2).
-11
Let r(z) be the third derivative of z**4/8 + 2*z**3/3 + 7*z**2. Determine r(-5).
-11
Let k(n) = -6*n - 6. Let t(i) = -5*i - 6. Let p(u) = u**2 + 6*u + 3. Let f be p(-2). Let m(d) = f*t(d) + 4*k(d). Give m(-3).
3
Let w(b) be the third derivative of b**4/24 + b**3/3 + 7*b**2. Give w(-7).
-5
Let x(i) be the second derivative of -i**6/60 - i**4/24 + i**3/6 + i. Let p(v) be the second derivative of x(v). Let j = 57 + -56. Calculate p(j).
-7
Suppose v + 10 = -3*o, -2*o + 18 = -v - 7*o. Let c(g) = g - 2. Let j be c(v). Suppose -3*f + 0*f + 6 = j. Let s(b) = b**2 - 4*b + 3. What is s(f)?
-1
Let k be 12/9 - (-1)/(-3). Let z = k - -3. Let j(o) = o - 5*o**2 + 4*o**2 - z*o. Give j(-3).
0
Let b = 13 - 2. Let i = -15 + b. Let o(j) = 5*j**3 + 3 - 4*j - 4*j**3 + 3*j**2 + 3*j. What is o(i)?
-9
Let j(s) = -4*s**2 - 9*s + 2. Let b(v) = -11*v**2 - 26*v + 5. Let l(k) = -3*b(k) + 8*j(k). Let m(p) = -2*p + 3. Let i be m(4). Calculate l(i).
-4
Let m be 10/(4 + -2 + 0). Suppose 4*f - 9 = f, -m